o = 12*k - j*k + 8663. Is o a composite number?
False
Let f = 355 - 88. Suppose -3*n + 0*t + 1 = t, 2*t = 3*n - 16. Suppose 5*h = 6*u - 3*u + f, -n*h + 2*u = -110. Is h a composite number?
True
Let i(z) = 2*z**3 - 7*z**2 - 4*z + 9. Let d be i(4). Let a be (d/6 - 3)*-2. Suppose -a*n + 1907 = -3*f + f, -649 = -n + 4*f. Is n a prime number?
False
Let u be 6/2 + 2 + -2. Suppose 20*t - 5274 = 14*t. Suppose -u*g + 8169 = 3*c + t, -2420 = -g - 3*c. Is g a prime number?
False
Suppose j - 2 = 2*j. Let z(c) be the third derivative of -c**6/40 - c**5/60 - c**4/8 - c**3/2 - 26*c**2. Is z(j) prime?
True
Suppose -52 = -10*h + 88. Suppose -21*z + 28*z - h = 0. Suppose 2*o - l - 3809 = 1824, 5658 = z*o + 4*l. Is o composite?
False
Suppose -57180 = 18*c - 15*c. Let j = -9833 - c. Is j prime?
True
Suppose -78*p - 7133041 = -137*p. Is p a composite number?
False
Suppose -5*s - 1940 = -5*p, 5*p = -5*s - 825 - 1125. Let d = s - -897. Suppose 8*x - 4*x = d. Is x a composite number?
False
Let p = 61935 - 18982. Is p composite?
False
Suppose -113165 = -56*b + 43*b. Is b composite?
True
Let b(s) = 73*s**2 + 44*s + 3176. Is b(91) prime?
True
Suppose 4*r + 5*t = -4144 - 18720, 0 = t. Let u be (5/(-10))/(2/r). Suppose -u = -4*x - 45. Is x composite?
True
Suppose -4*m + q = -3*q + 24, -4*m + 2*q - 28 = 0. Let v(w) = -42*w**2. Let g be v(-1). Is (-60330)/g + m/(-14) prime?
False
Let i(o) = -16429*o + 23. Let p be i(-3). Suppose q + 31077 + 8374 = 4*z, -5*q = -5*z + p. Is z prime?
False
Suppose 3*k + 4*x = -1169, 5*x - 2 - 3 = 0. Is 18 + -12 - k*1 prime?
True
Let d be 222/4 - 33/(-22). Suppose d*h - 192591 - 194268 = 0. Is h a prime number?
False
Is (-22)/176*-321852 - (12/(-8) - -2) a prime number?
True
Suppose -5*g + 3*a = -429356, 2*g + 95*a - 171731 = 100*a. Is g prime?
False
Let x = -370426 + 949833. Is x a composite number?
False
Let t(w) be the third derivative of 0*w - 1/2*w**4 - 1/120*w**6 - 1/15*w**5 - 3*w**2 + 0 + 5/6*w**3. Is t(-6) a composite number?
False
Suppose 140*v = 112*v + 6050212. Is v composite?
True
Is (-32)/8*7/((-84)/254361) prime?
True
Is (-12 + -415269)/(-20 - -17) composite?
False
Let q = -1 + -4. Let l = -1 - q. Suppose l*j - 4*k = -k + 733, -3*k = 2*j - 389. Is j prime?
False
Suppose 4*l - 12*y = 3*l + 498983, 997966 = 2*l + 2*y. Is l a prime number?
False
Let g = -601 - -1287. Let a be (4/6)/((-4)/(-12234)). Suppose 3*p = a - g. Is p a prime number?
False
Let a = -4539 + 7098. Let s = 5158 - a. Is s a composite number?
True
Let i(v) = 57*v**2 - 17*v + 51. Let x(h) = -284*h**2 + 86*h - 257. Let a(b) = 11*i(b) + 2*x(b). Is a(18) composite?
True
Let l(c) = 2*c**3 - 20*c**2 - 23*c - 37. Let z = 385 + -373. Is l(z) a composite number?
False
Let f(w) = -w**3 + 15*w**2 - 17*w - 5. Suppose v + 3*t = -2*t + 23, -2*t = 4*v - 38. Is f(v) composite?
False
Let t(q) = -q**3 - 24*q**2 + 25*q + 32. Let k be t(-25). Suppose 132950 = k*r - 292362. Is r composite?
False
Is (-7 - -6 - -5)*(0 - (-2798)/8) prime?
True
Let d(x) = -11*x - 11. Let b be d(-6). Suppose -59*q = -b*q. Let m(g) = g + 1055. Is m(q) composite?
True
Let r = 499641 + -246932. Is r composite?
False
Let t(n) = 780*n - 173. Suppose -c + 9 = 5*q, c - 13 = -0*c - 3*q. Is t(c) a composite number?
True
Suppose 2*w + 81 = -7*w. Let x be w/6*(-8)/3. Suppose 270 = g + 2*b - 639, -x*g - 3*b + 3641 = 0. Is g a prime number?
True
Suppose 1028606 = -167*o + 5384461 + 4773534. Is o composite?
False
Suppose -5*j + t - 6548 = 4*t, -5*t = 5. Is 0 + (-1192758)/(-34) + 154/j composite?
False
Suppose -i - 2*i + 2760 = 0. Suppose 0*f = 5*f - i. Suppose -s - 4*s - 76 = -q, 4*q + 4*s - f = 0. Is q composite?
True
Suppose -20391 = -o + 4*p + 1002, -3 = 3*p. Suppose 2*g + 8*q - 13*q = 42772, -g = -4*q - o. Is g a composite number?
True
Suppose -20678 = -2*r - 4*s, -2930 = -2*r + 5*s + 17802. Is r composite?
True
Suppose -54*q + 22195 + 25487 = 0. Is q a composite number?
False
Let n = 70 - 48. Let p = 15 - n. Is (-419)/2*14/p a composite number?
False
Let p(n) = -3765*n - 162. Let s be p(-6). Let b = s - 13229. Is b prime?
True
Let b be -10*(0 + -1*2). Let g be 774/8 + ((-9)/12 - -1). Let j = g - b. Is j composite?
True
Suppose -308846 = -37*l + 1668689 + 683098. Is l composite?
False
Suppose -182*q = -152*q - 2227470. Is q a prime number?
False
Let m be 0 + (-2)/5*-5. Let d be (-2 - 3 - 10)/((-3)/2). Suppose 6132 = m*b + d*b. Is b prime?
False
Let p = -566 - -569. Let t(c) = 2754*c**2 + 15*c - 2. Is t(p) prime?
False
Is -3 + 208185 - ((-17)/68)/(2/56) a prime number?
True
Is ((-5034)/(-9))/(1/183) + 9 + -8 a composite number?
False
Suppose -72 = -6*a - 3*a. Suppose -a*d + 952 + 600 = 0. Is d a composite number?
True
Is 11/(-44)*28 + 107396 a prime number?
False
Suppose -89*a = -48310923 - 15435238. Is a composite?
False
Let a(u) = -3727*u**3 + 17*u**2 + 76*u + 9. Is a(-3) composite?
True
Let i be (-59 + -2)/(1/(-154)). Suppose 0 = -0*w - 2*w - p + i, 0 = -2*w + 4*p + 9414. Is w composite?
True
Suppose -327*m = -26917287 - 177652932. Is m a prime number?
False
Let x be (29/9 - 3)/(2/18). Is x/3 + (-165403)/(-3) prime?
False
Let i(n) = 1191*n**2 + 46*n + 46. Is i(-9) prime?
False
Suppose x + 3*x + 3912 = 0. Let g = 146 + -715. Let u = g - x. Is u a composite number?
False
Suppose -4*a - g - 20 = -0*g, 2*a - 5*g = 12. Let l = 9 + a. Let b(y) = 13*y**2 - 14*y + 10. Is b(l) composite?
True
Let y be (1 + -4)*24/180*-5. Is (1/3*y)/((-106)/(-465711)) a prime number?
False
Is ((-956173)/106*(-2)/(-5))/((-1)/5) composite?
False
Suppose 2366292 = 5*w + 448997. Is w prime?
True
Let m = 53 - 37. Let s be 52/(-16)*-11 - 12/m. Suppose s = -3*y + 92. Is y prime?
True
Let w be -7 + 15/5 + 69110. Is w + 5 + -7 + -7 a composite number?
True
Suppose 468*r - 16027977 - 14969012 = 47745415. Is r a composite number?
False
Is (540/84)/9 - 140502792/(-84) prime?
False
Let c(l) be the third derivative of 883*l**6/24 + l**5/60 - l**4/8 + 2*l**3/3 - 47*l**2. Is c(1) prime?
False
Let u(h) = -9949*h**3 + 10*h**2 + 49*h + 73. Is u(-2) prime?
False
Let v(o) = -o**3 - 5*o**2 - 5*o + 8. Let b(u) = u**2 - 2*u - 10. Let x be b(5). Let g be 1*9*(30/(-9))/x. Is v(g) a prime number?
False
Let v = -24348 - -11616. Is 1/4*(1*v)/(-3) a composite number?
False
Suppose -x + 138*n = 133*n - 41958, 125894 = 3*x + 5*n. Is x a composite number?
True
Let j = 296285 + -179398. Is j prime?
False
Let v(s) = 4426*s**3 - 5*s**2 - 41*s + 139. Is v(3) a prime number?
False
Is (-2546296)/(-24) + -9 + 4/12 prime?
True
Suppose -5 + 1 = -2*k. Suppose k*h - 4112 = 8*n - 4*n, 8233 = 4*h - 5*n. Let o = 33 + h. Is o prime?
False
Let l = -50180 + 33085. Let p = l + 25800. Is p composite?
True
Let l = 2616569 - 1455298. Is l composite?
True
Suppose -3*p + 4 + 2 = 0. Suppose -3*q - q = -3*t - 248, -p*t + 2*q - 168 = 0. Let v = t + 125. Is v composite?
False
Let i(g) = 3*g**3 + 11*g**2 + 3*g + 6. Let a(x) = -17*x - 4*x**3 + 31*x - 9 - 9*x - 9*x - 17*x**2. Let b(r) = 5*a(r) + 8*i(r). Is b(4) composite?
True
Let g(a) = 369*a**2 - 47*a + 13. Is g(19) a prime number?
True
Let x be 4/6 - (-49)/21. Suppose 0 = 5*d - 7 - x. Is 31/(d + -5 - 20/(-6)) composite?
True
Suppose m = -2*x + 104202 + 14874, x = 5*m + 59549. Is x prime?
True
Let b = 222 + -214. Suppose -b*l - 67690 = -22*l. Is l a prime number?
False
Let n(x) = -7*x + 0 - 3*x + 387*x**2 + 1 + 55*x**2. Is n(-3) a composite number?
True
Let s = 6113 - 10347. Let b = 1503 - s. Is b composite?
False
Let g be -5 - ((-3 - 1) + -6252). Suppose 587 = -16*v + g. Let o = v + 91. Is o a composite number?
True
Suppose 4*u = -1979 + 211. Let s be (-10)/(-2) + u/(-1). Suppose s = 2*z - 2211. Is z prime?
False
Let w be 360 + 6 + (-2 - -5). Suppose -j = 8*j - w. Suppose -j*i + 37*i = -444. Is i composite?
True
Suppose -5*g + 64 = 344. Let j = g - -58. Suppose -2*a = 4, -j*d + 5*a + 1042 - 370 = 0. Is d composite?
False
Let g be ((-10)/12)/(21/(-126)). Suppose -4*o = -t - 7471, 4*t = g*o - 3220 - 6127. Suppose p = o + 28. Is p a prime number?
False
Suppose -2 = h + 179. Let t = 15529 + -15564. Is 505/t*h + 12/(-21) prime?
False
Let z = -130 - -132. Let k(x) = -3 - 2204*x - z - 3 + 7. Is k(-1) a prime number?
True
Suppose -3*b + 4*c = 11, 0 = 2*b + c - 11. Suppose 2*m = 5*n - 1460, b*n = -n - 5*m + 1135. Suppose -2*h + n + 472 = 0. Is h prime?
Fal